01 (base 2) to base 15
c5
-10111011111110 (base 2) to base 8
-27376
35712 (base 8) to base 10
15306
Convert 2644 (base 7) to base 3.
1101111
-1500 (base 12) to base 6
-15200
-a40 (base 12) to base 3
-2001010
Convert 4725 (base 9) to base 6.
24122
What is 32201 (base 7) in base 6?
100552
Convert 7a (base 12) to base 3.
10111
Convert 84 (base 10) to base 16.
54
Convert -100110001010011 (base 2) to base 15.
-5bc9
What is -19113 (base 11) in base 4?
-12202003
What is -3be (base 15) in base 11?
-707
What is -6bd (base 15) in base 14?
-7b2
What is -71b (base 12) in base 14?
-539
Convert -20320032 (base 4) to base 3.
-1211212220
Convert -11753 (base 10) to base 15.
-3738
26325 (base 12) to base 5
3133201
-6837 (base 10) to base 15
-205c
What is -163 (base 11) in base 3?
-21001
Convert 2995 (base 11) to base 8.
7417
-8a5 (base 15) to base 11
-1518
11100111 (base 2) to base 8
347
2680 (base 13) to base 16
1588
-4101 (base 5) to base 7
-1351
What is -15351 (base 6) in base 8?
-4723
What is 1021202 (base 3) in base 4?
32222
Convert 4867 (base 16) to base 9.
27374
-3ba0 (base 15) to base 7
-52113
-34abb (base 12) to base 11
-49136
What is 21103 (base 5) in base 11?
1066
Convert -32982 (base 10) to base 7.
-165105
What is 34b4 (base 12) in base 15?
1b31
Convert -23123221 (base 4) to base 3.
-2101020021
Convert -592 (base 13) to base 11.
-7a7
What is -11450 (base 6) in base 9?
-2273
-31223 (base 5) to base 13
-c29
Convert -24b (base 14) to base 9.
-560
Convert 237a7 (base 11) to base 6.
422303
What is -575 (base 9) in base 2?
-111011001
What is 26a6 (base 14) in base 11?
5131
What is -dc14 (base 14) in base 13?
-14414
What is -11b83 (base 14) in base 11?
-2a6a3
-668 (base 15) to base 5
-21243
5b3b (base 16) to base 9
35030
1c68c (base 13) to base 3
2211220010
-33332 (base 4) to base 11
-84a
What is 3b52 (base 12) in base 6?
51342
Convert 224 (base 5) to base 15.
44
-4615 (base 9) to base 16
-d58
What is -451311 (base 6) in base 11?
-26539
What is 1000121 (base 3) in base 11?
618
111100001101001 (base 2) to base 6
354413
22 (base 8) to base 13
15
Convert -270 (base 11) to base 14.
-18b
What is 116543 (base 7) in base 5?
1142132
What is -11101100011 (base 2) in base 11?
-146a
Convert -12211 (base 4) to base 9.
-517
-1342 (base 7) to base 3
-201021
What is 272 (base 9) in base 15?
102
What is -26cd (base 14) in base 8?
-15275
-3131031 (base 5) to base 10
-52016
What is -131055 (base 6) in base 4?
-2322023
-6117 (base 11) to base 15
-261a
377c (base 13) to base 15
2502
Convert 20010221 (base 3) to base 16.
1180
What is -1121120 (base 3) in base 5?
-14201
What is 11101110111 (base 2) in base 10?
1911
What is -8508 (base 15) in base 5?
-1400013
Convert 78b (base 13) to base 12.
902
Convert -1a6 (base 14) to base 4.
-11112
Convert -101020122 (base 3) to base 16.
-1d2d
What is 921 (base 14) in base 2?
11100000001
-1011110 (base 4) to base 15
-14ab
What is 437 (base 8) in base 4?
10133
What is 15366 (base 7) in base 13?
1c68
585 (base 9) to base 8
742
4153 (base 9) to base 14
1177
-34144 (base 6) to base 11
-3689
Convert 6b8 (base 13) to base 8.
2215
211012222 (base 3) to base 4
3331013
What is -114232 (base 5) in base 14?
-1805
What is 34 (base 16) in base 7?
103
775 (base 12) to base 14
585
What is -246 (base 7) in base 4?
-2010
31202 (base 4) to base 13
518
What is 3415 (base 8) in base 4?
130031
Convert -300 (base 10) to base 5.
-2200
835 (base 9) to base 2
1010101000
Convert 1546 (base 14) to base 3.
12012020
What is -256 (base 13) in base 11?
-342
222223 (base 4) to base 2
101010101011
-13131 (base 4) to base 3
-122200
-4a (base 12) to base 6
-134
What is -13141 (base 5) in base 14?
-54a
Convert 10211101 (base 4) to base 8.
44521
Convert -1222213 (base 4) to base 7.
-25615
Convert -11101110 (base 2) to base 9.
-284
Convert -b2b1 (base 13) to base 8.
-60111
-130433 (base 6) to base 7
-46326
What is 4424 (base 9) in base 3?
11110211
-23f (base 16) to base 5
-4300
Convert 709 (base 13) to base 16.
4a8
-2854 (base 12) to base 11
-3568
-1000101001111101 (base 2) to base 4
-20221331
Convert 4ac (base 15) to base 4.
100212
Convert -b38 (base 12) to base 9.
-2208
What is -d85a (base 15) in base 14?
-12968
What is -45707 (base 8) in base 10?
-19399
Convert 27620 (base 8) to base 10.
12176
What is -40 (base 14) in base 12?
-48
What is -112110 (base 5) in base 16?
-fbe
-3452 (base 8) to base 14
-950
Convert -4352 (base 9) to base 7.
-12230
-530 (base 10) to base 12
-382
113304 (base 5) to base 7
15154
Convert -1101021102 (base 3) to base 16.
-6a25
1202 (base 3) to base 15
32
3243 (base 8) to base 4
122203
What is 3167 (base 14) in base 15?
27ce
What is 261a (base 11) in base 3?
11200021
Convert 1012011 (base 3) to base 12.
604
3320231 (base 4) to base 12
9265
Convert -10011001000101 (base 2) to base 12.
-5805
10102 (base 3) to base 5
332
What is -2062 (base 7) in base 9?
-1001
Convert -2a (base 14) to base 6.
-102
Convert -5b8 (base 12) to base 11.
-712
What is -3a (base 16) in base 13?
-46
What is -1101111111011 (base 2) in base 16?
-1bfb
Convert 189 (base 13) to base 11.
237
What is 94 (base 11) in base 12?
87
Convert 1545 (base 11) to base 14.
a1b
12aa9 (base 12) to base 9
38303
What is -212122 (base 3) in base 13?
-3a1
-38238 (base 9) to base 6
-315012
What is -16571 (base 9) in base 10?
-11404
What is -30122000 (base 4) in base 16?
-c680
Convert -19860 (base 11) to base 14.
-a114
-978 (base 12) to base 16
-56c
5545 (base 6) to base 4
110021
Convert 12304 (base 6) to base 8.
3460
8159 (base 11) to base 10
10833
Convert 212230 (base 4) to base 12.
1524
Convert 5b2c (base 16) to base 5.
1221330
What is -31101 (base 6) in base 16?
-102d
Convert 14114 (base 6) to base 7.
6301
Convert -3065 (base 8) to base 9.
-2155
What is -15703 (base 11) in base 2?
-101011010000010
Convert 167 (base 15) to base 14.
190
-3317 (base 8) to base 10
-1743
Convert 24140 (base 7) to base 4.
1201223
Convert 43753 (base 9) to base 5.
1412141
199 (base 16) to base 10
409
Convert b9 (base 15) to base 3.
20110
Convert 3382 (base 15) to base 13.
4c82
5fa9 (base 16) to base 3
1020121000
2c2 (base 13) to base 8
760
Convert 181 (base 10) to base 5.
1211
-2a8b5 (base 12) to base 16
-ea89
What is -102102121 (base 3) in base 5?
-231312
Convert 1100 (base 8) to base 5.
4301
-34b (base 14) to base 3
-220021
What is -4003 (base 5) in base 16?
-1f7
What is -4756 (base 12) in base 8?
-17462
Convert a33f (base 16) to base 15.
c5b1
-1010000110101001 (base 2) to base 9
-62683
What is -a7 (base 11) in base 4?
-1311
What is -110 (base 3) in base 11?
-11
Convert 19094 (base 11) to base 7.
140624
40 (base 16) to base 15
44
What is 1010202 (base 3) in base 11?
695
Convert -2211 (base 6) to base 12.
-367
-20013 (base 4) to base 15
-249
-112b4 (base 12) to base 15
-6bad
-cb9 (base 13) to base 15
-9a5
What is -504 (base 10) in base 6?
-2200
-356 (base 7) to base 4
-2330
What is 11200010 (base 3) in base 7?
12633
-3110330 (base 4) to base 7
-54506
What is 1153 (base 12) in base 16?
78f
Convert 6e4 (base 15) to base 14.
7da
What is -1023 (base 6) in base 14?
-127
9ab (base 15) to base 8
4212
What is 53850 (base 10) in base 13?
1b684
-20304 (base 5) to base 16
-531
Convert -1633 (base 8) to base 10.
-923
What is 1335 (base 9) in base 16?
3ec
What is -a3 (base 12) in base 15?
-83
What is 4052 (base 6) in base 8?
1600
-414142 (base 5) to base 14
-4da8
What is -44404 (base 10) in base 7?
-243313
What is -10201001 (base 3) in base 10?
-2701
343202 (base 5) to base 8
30016
What is 26914 (base 12) in base 13?
1b268
Convert -6653 (base 9) to base 6.
-34420
36432 (base 7) to base 15
2c20
Convert -46158 (base 11) to base 5.
-4113414
-510 (base 6) to base 13
-114
24412 (base 8) to base 12
60b6
-1010010010 (base 3) to base 5
-1200304
What is 40d6 (base 16) in base 7?
66251
Convert -ac7 (base 16) to base 4.
-223013
What is 211 (base 5) in base 9?
62
350112 (base 6) to base 11
20479
Convert -1121110221 (base 3) to base 2.
-111101111010000
What is 80 (base 10) in base 9?
88
Convert 34d (base 16) to base 5.
11340
Convert -15 (base 15) to base 4.
-110
13303001 (base 4) to base 7
162053
What is -12b0 (base 14) in base 6?
-23122
1202212 (base 5) to base 9
33376
Convert 11311 (base 4) to base 3.
111211
What is 193a (base 11) in base 12?